7*z. Suppose -z*x = -403 - t. Is x prime?
True
Let z = 207194 + -33847. Is z a prime number?
True
Suppose 5*c - 6*c - 7 = 0. Let g(i) = -219*i + 17. Let x be g(c). Let z = 2337 - x. Is z a prime number?
True
Let h be 6/51 + (-8)/68 + 5. Suppose 5*p - 3*q - 8795 = 0, 9*q = -2*p + h*q + 3518. Is p prime?
True
Let x(h) = 1182*h - 80. Let m be x(11). Suppose 5*q + 32265 = 5*t, -2*t - q - q = -m. Is t composite?
True
Suppose 4*m = -3*m - 20447. Let i = -1398 - m. Is i a composite number?
False
Let n = -2877843 - -4637056. Is n a prime number?
True
Let k(n) be the third derivative of -5*n**4/24 + 5*n**3 + 9*n**2. Let j be k(8). Is (1516/j)/(3/((-30)/4)) composite?
False
Suppose -28*v + 75119 = -17*v. Let s = v - 2100. Is s a prime number?
True
Let b = 323 + -426. Suppose -2*n + 244 + 920 = 0. Let s = n + b. Is s composite?
False
Suppose 3*u + 2*h = 5*h - 3, 2*u = 3*h - 3. Suppose -21*w + 25*w - 19628 = u. Is w prime?
False
Suppose -5768 = -2*m + 4*b - 0*b, 0 = m + 5*b - 2856. Is (0 - 51/(-6))/(2/m) a composite number?
True
Suppose 0 = 23*p + 10023 + 3777. Let y = p + 5335. Is y a prime number?
False
Suppose -3*c + 8*c = 2085. Let n = 162 + c. Suppose 3*h = n + 6984. Is h a composite number?
False
Suppose 14*c - 605700 = 20*c. Is (-1 + (-9)/(-5))/((-60)/c) a prime number?
False
Let h = 167 + -164. Suppose 0 = h*m - 632 - 979. Is m prime?
False
Suppose 84*v = 82*v - 2*w + 2481868, -6*v - 5*w + 7445601 = 0. Is v prime?
True
Let z(u) = 157*u. Let a(q) = -q**3 + 3*q**2 + q + 4. Let k be 2*3*12/24. Let b be a(k). Is z(b) composite?
True
Let y be 42*((-40)/(-6))/(-2). Let h = -1586 + 3967. Let s = h - y. Is s a composite number?
False
Suppose u - 4*u - 2*m - 30 = 0, 5*m - 15 = 0. Let p = -6 - u. Suppose -p*o + 7*o = 745. Is o a composite number?
True
Suppose 7430 = 2*x - 4*m, 3*x - 3*m - 3715 = 2*x. Let j = -1610 + x. Is j composite?
True
Is (-60)/(-4140)*23*2/(4/746682) composite?
False
Suppose -14303 = -4*l + 5*k, 19*k - 14312 = -4*l + 15*k. Let v be 10/55 - 40/(-22). Suppose 3*q - 2*z = l, -z - 579 = -v*q + 1804. Is q a prime number?
False
Let g = -194318 - -402061. Is g a composite number?
False
Let m(c) be the third derivative of -121*c**4/6 - c**3/6 + 27*c**2. Let g(s) = 241*s. Let w(q) = -11*g(q) - 6*m(q). Is w(1) a prime number?
False
Is (55362853/169 - -8) + 1 + 33/(-39) prime?
True
Let b be 3/12 + (-1 - 57/(-12)). Suppose -b*d + 31 = 15. Suppose -1816 = -d*x - 180. Is x prime?
True
Let z be (-6)/(-21) - 22104/42. Let c = -381 - z. Is c prime?
False
Suppose -2 = t + 2*v, -2*t = -143*v + 140*v - 17. Suppose -4*f - f - 2*o = -9045, -5*o - 1809 = -f. Suppose t*m - f = 67. Is m composite?
True
Let n(u) = 1434*u - 44. Let f be n(19). Suppose -f = -69*c + 55*c. Is c prime?
False
Let x be ((-9)/(-6))/(3/62). Suppose -26*z = -x*z + 1215. Let n = 662 - z. Is n a composite number?
False
Suppose -3*h + 35 = -0*h + 5*s, -s = h - 15. Suppose -13*n = -h*n + 68369. Is n prime?
True
Suppose -351068 - 506998 = -22*i. Suppose 5*l - 2*o - 23401 = 2*l, 5*l - i = 4*o. Is l a composite number?
True
Suppose 3 = -2*w + 3. Suppose 0 = -5*m - 4*q + 14, 0 = -2*m - 4*q - w + 8. Suppose -m*k + 262 = 4*a, -4*a = -k - 39 - 232. Is a prime?
True
Let o = 413696 - 238567. Is o a prime number?
True
Suppose -668875 = -5*s - 5*y, -5*s + 582555 = -y - 86284. Is s prime?
True
Let g be (224/(-21))/((-1)/(-90)). Let k = 1517 + g. Is k prime?
True
Suppose -p - 5*f + 35907 = 0, -p - 64*f + 66*f + 35879 = 0. Is p prime?
False
Is ((-224)/(-336))/(1 + (-279111)/279117) prime?
True
Let m be 0/(9 + -5 + -6). Suppose -20*d + 22*d = m. Is (2 - -2) + d + -7 + 334 composite?
False
Let o be (-12)/(-15) - (-30090)/(-50). Let r = 963 + o. Is r composite?
True
Is (-3)/2*(1766240/(-57) + 6) prime?
True
Suppose 2*o + 29446 = f, -147215 = -5*f - o - 4*o. Suppose -20*b = -3*b - f. Is b + 7 + -1 + (0 - -3) a prime number?
True
Suppose 3*m - 804 - 1542 = 0. Suppose 0*g = -g + m. Suppose 4*u = -2*b + 782, b - 3*b + 3*u = -g. Is b composite?
True
Suppose -4*s - 4*h + 8 = -0*s, 5*s - 4*h = -35. Let u be (2*s/(-15))/((-2)/(-10)). Is (-16)/(-8)*u/((-4)/(-2153)) a prime number?
True
Is (-3 - (-3967360)/15) + (-5)/45*6 a composite number?
False
Suppose -i + 3*c = -1652, 4*i = -c - 0*c + 6582. Suppose 9*d = 145 + i. Is d composite?
False
Let k be -19934*9/15*(-25)/(-30). Let p = -5568 - k. Is p prime?
False
Let c(b) = 9524*b + 1907. Is c(19) a composite number?
True
Let m(j) = -2*j**2 - 5*j + 29. Let t be m(-5). Suppose 1728 = 4*a + z, -t*a = 3*z - 4*z - 1720. Is a a composite number?
False
Suppose 0 = 21*u - 95 - 262. Suppose 3 = -16*k + u*k, k - 1070 = -z. Is z prime?
False
Suppose m - 16 + 14 = 0. Is (-4 + m - 2) + 4042/2 a prime number?
True
Let o be (-19)/(-6) + 30/36. Suppose 2*m = o*x - 7028, 3*x - 4*m = 5619 - 348. Is x a prime number?
False
Let b = 20378 - 12250. Suppose b = 5*a + 3*s - 19932, 0 = 3*s - 15. Is a a composite number?
True
Let z be (34 + 2)/(21/(7875/10)). Suppose -6*x + z = 4*h - 8*x, 1012 = 3*h - x. Is h a composite number?
False
Suppose -7645 - 4154 = -3*r. Let s(m) = -2*m + 49. Let j be s(20). Suppose -j*t = -2538 - r. Is t prime?
True
Suppose -p - 2*o - 6744 + 49438 = 0, 12 = -3*o. Suppose -5*n = -f + 21323, -2*f - 4*n = -0*f - p. Is f prime?
False
Let q(x) = -10*x**3 - 11*x**2 + 6*x - 1. Let a be q(-6). Let i be (-1)/(-1) + -1 - -18. Suppose i*f = 7*f + a. Is f a composite number?
False
Suppose -w = 7*w - 329008. Let j = 89305 - w. Is j composite?
False
Let u(s) = 1053*s + 206. Let d be 2958/203 - (1 + (-10)/7). Is u(d) prime?
True
Let r = 3689 - -71. Suppose -r - 24177 = -13*u. Is u a prime number?
False
Let g = -253 - -256. Suppose -g*z = 3*r - 5013, -5*z + r - 5*r = -8353. Is z composite?
False
Let g(x) = x**3 - 39*x**2 + 6*x - 236. Let t be g(39). Is ((-4)/(-6) + 4449/(-18))*t a composite number?
True
Let s(x) = 24*x**3 - 26*x**2 + 14*x - 9. Is s(23) prime?
False
Let k be 8/(40/(-3)) - (-6)/10. Suppose -5*t + k*j - 4*j + 41 = 0, 4*t - 2*j = 12. Suppose 2*f = -2*n + 64, -4*f + 2*f = t*n - 67. Is f composite?
False
Let g = 11388 + -3125. Is g prime?
True
Suppose 34*n + 2205751 - 4437564 - 7194041 = 0. Is n a prime number?
True
Let n(p) = -6986*p + 8275. Is n(-60) a prime number?
False
Is (-3)/(-9) - 29/((-174)/1256080) prime?
True
Let h(d) = -4*d. Let y be h(-1). Let n = 2702 - 1008. Suppose -n = -y*m + 5598. Is m a composite number?
False
Is 1312042421/655 - 12/(-15) a prime number?
True
Suppose -87929 = -46*d + 43*d - 5*w, -d + 5*w + 29283 = 0. Is d a prime number?
True
Suppose 0 = -3*k + 3*i + 236700, 54*i = 3*k + 57*i - 236706. Is k a composite number?
False
Let c = -74 + 74. Suppose 24066 = -c*d + 6*d. Let n = -2674 + d. Is n a composite number?
True
Let x(o) = 142*o - 129. Suppose -141 = -5*l + 29. Is x(l) a composite number?
True
Suppose -12*c - 456849 + 156993 = 0. Is ((-120)/(-80))/((-6)/c) a prime number?
True
Suppose 41*j - 52*j + 187 = 0. Is 20 - j - 3842/(-1) a prime number?
False
Suppose -5*z - 143 = 4*o, 4*z + 8 = o + 28. Is (o + 31)*(-1 - 92) composite?
True
Suppose 5*t = a + 7, -5*a + t + 12 + 1 = 0. Suppose -w = 2*h - 3629, -a*w = -w + 10. Is h prime?
False
Suppose 2*l = -k + 23606, -3*k = 5*l + 8873 - 67890. Is l composite?
False
Let j be (3/((-30)/(-8)))/((-7)/(-35)). Suppose -39058 = -j*f - 5*v, -5*v - 2 = -4*v. Is f a prime number?
True
Let n be 1*(-4506)/(-4)*40/15. Suppose n = 14*h - 10*h. Suppose -239 = -f + u + 4*u, 3*f = -2*u + h. Is f a prime number?
False
Let j(x) = -57933*x - 250. Is j(-1) prime?
False
Suppose -3*v + v - 19117 = -n, -n + 5*v + 19126 = 0. Suppose 7*o = -n + 71121. Suppose 3*m - o = m. Is m composite?
True
Let z(l) = -14177*l - 7004. Is z(-57) prime?
False
Let c = 402261 + -229426. Suppose -17*o = -4*o - c. Is o prime?
False
Is (-978627)/(-11) - 9/99 prime?
False
Suppose -141*b - 505*b + 341292926 - 28344040 = 0. Is b a prime number?
False
Let y(g) = g**3 + 4*g**2 + 5*g + 8. Let i be y(-3). Suppose j - i*n - 446 + 115 = 0, -2*n = 0. Is j composite?
False
Let t(r) = -423*r + 78. Let g be t(-7). Suppose 3*i + g = 5*j + 325, -j + 3*i = -550. Is j a prime number?
True
Suppose 8*k - 20 = 12*k + o, 5*k - 4*o + 46 = 0. Let z(l) = 160*l**2 - 26*l - 7. Is z(k) a prime number?
False
Let o(i) = 219*i**3 - 7*i**2 - 5*i + 6. Let u be o(-4). Let l = 